reds digit of 3947184?
1
What is the thousands digit of 3856248?
6
What is the millions digit of 3047134?
3
What is the hundred thousands digit of 233044?
2
What is the hundreds digit of 2215812?
8
What is the hundreds digit of 1396060?
0
What is the units digit of 548178?
8
What is the hundreds digit of 244794?
7
What is the hundred thousands digit of 295145?
2
What is the hundred thousands digit of 1831082?
8
What is the ten millions digit of 11139621?
1
What is the units digit of 397682?
2
What is the tens digit of 386787?
8
What is the ten thousands digit of 64935?
6
What is the millions digit of 1866656?
1
What is the millions digit of 1301125?
1
What is the hundred thousands digit of 2338703?
3
What is the hundred thousands digit of 1143039?
1
What is the tens digit of 30939230?
3
What is the units digit of 4549596?
6
What is the hundreds digit of 387866?
8
What is the hundreds digit of 95099?
0
What is the millions digit of 1182986?
1
What is the hundreds digit of 15417516?
5
What is the tens digit of 2859077?
7
What is the hundreds digit of 193660?
6
What is the units digit of 321671?
1
What is the thousands digit of 342954?
2
What is the hundred thousands digit of 6176225?
1
What is the hundred thousands digit of 1372237?
3
What is the hundreds digit of 2576039?
0
What is the hundreds digit of 101531?
5
What is the thousands digit of 2740056?
0
What is the hundred thousands digit of 6626751?
6
What is the thousands digit of 96908?
6
What is the units digit of 996793?
3
What is the units digit of 1236521?
1
What is the tens digit of 212783?
8
What is the hundreds digit of 2578086?
0
What is the ten thousands digit of 44519?
4
What is the hundred thousands digit of 553506?
5
What is the ten thousands digit of 263490?
6
What is the millions digit of 1061923?
1
What is the hundreds digit of 19569375?
3
What is the ten thousands digit of 216970?
1
What is the tens digit of 4031073?
7
What is the units digit of 761962?
2
What is the thousands digit of 417002?
7
What is the hundreds digit of 213459?
4
What is the units digit of 10579897?
7
What is the thousands digit of 302505?
2
What is the tens digit of 4685347?
4
What is the hundreds digit of 235367?
3
What is the tens digit of 73243?
4
What is the millions digit of 4746706?
4
What is the hundreds digit of 1232645?
6
What is the millions digit of 2701226?
2
What is the ten millions digit of 43220556?
4
What is the hundreds digit of 1383003?
0
What is the millions digit of 1262009?
1
What is the tens digit of 378389?
8
What is the hundred thousands digit of 4835944?
8
What is the tens digit of 576644?
4
What is the thousands digit of 26172?
6
What is the hundreds digit of 1725302?
3
What is the tens digit of 991269?
6
What is the tens digit of 11692522?
2
What is the ten thousands digit of 596251?
9
What is the ten thousands digit of 3512048?
1
What is the hundred thousands digit of 2470972?
4
What is the tens digit of 1190585?
8
What is the ten thousands digit of 817970?
1
What is the ten thousands digit of 18413440?
1
What is the millions digit of 1573932?
1
What is the thousands digit of 1024857?
4
What is the tens digit of 72784?
8
What is the ten thousands digit of 180486?
8
What is the millions digit of 7284426?
7
What is the ten thousands digit of 737857?
3
What is the ten thousands digit of 6392030?
9
What is the ten thousands digit of 1172608?
7
What is the hundred thousands digit of 1564903?
5
What is the millions digit of 3197729?
3
What is the hundred thousands digit of 10739826?
7
What is the hundreds digit of 225059?
0
What is the thousands digit of 1316275?
6
What is the tens digit of 982120?
2
What is the thousands digit of 15048396?
8
What is the hundred thousands digit of 125428?
1
What is the ten thousands digit of 67056?
6
What is the thousands digit of 94447?
4
What is the units digit of 210486?
6
What is the hundred thousands digit of 455703?
4
What is the units digit of 1452757?
7
What is the hundred thousands digit of 112586?
1
What is the hundred thousands digit of 19505943?
5
What is the units digit of 8098523?
3
What is the hundred thousands digit of 428428?
4
What is the units digit of 577903?
3
What is the millions digit of 2119726?
2
What is the tens digit of 689213?
1
What is the units digit of 2578420?
0
What is the tens digit of 31123497?
9
What is the units digit of 150507?
7
What is the units digit of 88637?
7
What is the hundreds digit of 736939?
9
What is the hundred thousands digit of 6654586?
6
What is the hundred thousands digit of 2732259?
7
What is the units digit of 1067994?
4
What is the hundred thousands digit of 216453?
2
What is the hundreds digit of 8605?
6
What is the ten thousands digit of 17232433?
3
What is the thousands digit of 1808369?
8
What is the thousands digit of 7876?
7
What is the hundred thousands digit of 479731?
4
What is the millions digit of 2802986?
2
What is the units digit of 1491803?
3
What is the millions digit of 5145805?
5
What is the hundred thousands digit of 200502?
2
What is the tens digit of 8604075?
7
What is the tens digit of 340740?
4
What is the units digit of 20557?
7
What is the thousands digit of 118794?
8
What is the units digit of 2453105?
5
What is the thousands digit of 360683?
0
What is the thousands digit of 1188847?
8
What is the thousands digit of 29979?
9
What is the ten thousands digit of 3511453?
1
What is the thousands digit of 92597?
2
What is the tens digit of 147311?
1
What is the units digit of 1626607?
7
What is the units digit of 17438?
8
What is the millions digit of 26630698?
6
What is the tens digit of 195957?
5
What is the tens digit of 72584?
8
What is the ten thousands digit of 1052812?
5
What is the millions digit of 1061291?
1
What is the ten thousands digit of 11803280?
0
What is the hundreds digit of 13525531?
5
What is the units digit of 1125184?
4
What is the thousands digit of 3186184?
6
What is the units digit of 458577?
7
What is the ten thousands digit of 316711?
1
What is the thousands digit of 2584422?
4
What is the hundreds digit of 24440?
4
What is the hundreds digit of 5972072?
0
What is the hundreds digit of 1099843?
8
What is the ten thousands digit of 181290?
8
What is the ten thousands digit of 1912950?
1
What is the ten thousands digit of 44637?
4
What is the tens digit of 148782?
8
What is the units digit of 71338?
8
What is the tens digit of 13036705?
0
What is the tens digit of 10193468?
6
What is the hundred thousands digit of 197451?
1
What is the thousands digit of 176218?
6
What is the hundreds digit of 279054?
0
What is the hundreds digit of 6232353?
3
What is the thousands digit of 506797?
6
What is the hundreds digit of 146572?
5
What is the hundred thousands digit of 1190797?
1
What is the hundreds digit of 13073742?
7
What is the hundreds digit of 107753?
7
What is the ten thousands digit of 221583?
2
What is the ten thousands digit of 11414933?
1
What is the units digit of 107168?
8
What is the ten thousands digit of 2017306?
1
What is the thousands digit of 477066?
7
What is the hundred thousands digit of 28367831?
3
What is the hundred thousands digit of 383418?
3
What is the ten thousands digit of 526537?
2
What is the units digit of 944282?
2
What is the units digit of 2625177?
7
What is the units digit of 254139?
9
What is the thousands digit of 1782094?
2
What is the hundred thousands digit of 19832377?
8
What is the hundreds digit of 853432?
4
What is the millions digit of 5566293?
5
What is the units digit of 1190339?
9
What is the hundred thousands digit of 269587?
2
What is the hundred thousands digit of 685613?
6
What is the units digit of 204330?
0
What is the hundreds digit of 414761?
7
What is the units digit of 1594860?
0
What is the tens digit of 13057973?
7
What is the thousands digit of 1265172?
5
What is the millions digit of 2053763?
2
What is the units digit of 157750?
0
What is the ten thousands digit of 3991407?
9
What is the hundreds digit of 87045?
0
What is the ten thousands digit of 469639?
6
What is the ten thousands digit of 3005430?
0
What is the hundreds digit of 883223?
2
What is the ten thousands digit of 2057837?
5
What is the millions digit of 13033340?
3
What is the ten thousands digit of 2282858?
8
What is t